 the prime factors of 127784.
2, 15973
What are the prime factors of 6826741?
17, 73, 5501
List the prime factors of 9924713.
1861, 5333
List the prime factors of 8095357.
8095357
List the prime factors of 5720792.
2, 7, 11, 37, 251
List the prime factors of 4659330.
2, 3, 5, 13, 919
List the prime factors of 9624131.
11, 43, 20347
What are the prime factors of 4429545?
3, 5, 197, 1499
What are the prime factors of 1014059?
37, 27407
List the prime factors of 1309164.
2, 3, 109097
What are the prime factors of 8154754?
2, 467, 8731
List the prime factors of 600721.
11, 97, 563
List the prime factors of 12216171.
3, 11, 43, 8609
List the prime factors of 318395.
5, 7, 11, 827
List the prime factors of 565359.
3, 199, 947
List the prime factors of 805278.
2, 3, 134213
What are the prime factors of 1115591?
17, 137, 479
What are the prime factors of 4229213?
4229213
List the prime factors of 21108253.
59, 357767
What are the prime factors of 896875?
5, 7, 41
List the prime factors of 5929236.
2, 3, 164701
List the prime factors of 143971.
143971
What are the prime factors of 79134?
2, 3, 11, 109
List the prime factors of 29204363.
29, 1007047
List the prime factors of 1525818.
2, 3, 7, 17, 2137
What are the prime factors of 300661?
300661
What are the prime factors of 1006786?
2, 11, 45763
What are the prime factors of 3872608?
2, 121019
What are the prime factors of 55488?
2, 3, 17
What are the prime factors of 14493920?
2, 5, 7, 12941
List the prime factors of 21518281.
21518281
List the prime factors of 20679394.
2, 1283, 8059
List the prime factors of 1082943.
3, 19, 2111
What are the prime factors of 9256400?
2, 5, 73, 317
List the prime factors of 6481098.
2, 3, 13, 27697
What are the prime factors of 479748?
2, 3, 39979
What are the prime factors of 351497?
351497
What are the prime factors of 225206?
2, 112603
List the prime factors of 265554.
2, 3, 14753
List the prime factors of 364274.
2, 23, 7919
What are the prime factors of 1055303?
1055303
What are the prime factors of 554218?
2, 7, 31, 1277
List the prime factors of 3921817.
3921817
List the prime factors of 7711126.
2, 31, 277, 449
List the prime factors of 374047.
374047
What are the prime factors of 8851684?
2, 2212921
What are the prime factors of 2425435?
5, 47, 10321
What are the prime factors of 504244?
2, 13, 9697
What are the prime factors of 471772?
2, 7, 29, 83
What are the prime factors of 2292028?
2, 573007
List the prime factors of 7583697.
3, 11, 76603
List the prime factors of 66691.
17, 3923
What are the prime factors of 5120153?
29, 176557
What are the prime factors of 2079861?
3, 7, 99041
What are the prime factors of 33103471?
17, 29, 83, 809
List the prime factors of 810116.
2, 202529
What are the prime factors of 16287009?
3, 19, 29, 59, 167
What are the prime factors of 8118811?
29, 83, 3373
List the prime factors of 562330.
2, 5, 53, 1061
List the prime factors of 56099.
56099
List the prime factors of 136521.
3, 7, 11, 197
What are the prime factors of 20326835?
5, 97, 41911
What are the prime factors of 429443?
7, 31, 1979
What are the prime factors of 2440643?
2440643
What are the prime factors of 14846738?
2, 7423369
List the prime factors of 2674331.
11, 243121
What are the prime factors of 3351609?
3, 372401
List the prime factors of 9604079.
31, 59, 89
List the prime factors of 138302.
2, 69151
What are the prime factors of 813496?
2, 61, 1667
List the prime factors of 311998.
2, 257, 607
What are the prime factors of 112452?
2, 3, 9371
List the prime factors of 1950622.
2, 229, 4259
List the prime factors of 2568101.
2568101
List the prime factors of 25452138.
2, 3, 4242023
List the prime factors of 13912.
2, 37, 47
List the prime factors of 3071836.
2, 79, 9721
List the prime factors of 20185666.
2, 10092833
What are the prime factors of 4336674?
2, 3, 19, 109, 349
What are the prime factors of 186888?
2, 3, 13, 599
What are the prime factors of 13136608?
2, 410519
What are the prime factors of 6336145?
5, 523, 2423
What are the prime factors of 11428972?
2, 157, 18199
What are the prime factors of 9377110?
2, 5, 41, 22871
What are the prime factors of 3011652?
2, 3, 7, 17, 19, 37
What are the prime factors of 259703?
37, 7019
What are the prime factors of 1642317?
3, 89, 6151
What are the prime factors of 2186918?
2, 227, 4817
List the prime factors of 19946469.
3, 6648823
List the prime factors of 489197.
489197
List the prime factors of 347505.
3, 5, 23167
List the prime factors of 8969245.
5, 47, 38167
What are the prime factors of 365831?
31, 11801
What are the prime factors of 31936561?
31936561
List the prime factors of 25896260.
2, 5, 13, 103, 967
What are the prime factors of 16667026?
2, 31, 268823
List the prime factors of 822717.
3, 7, 1451
What are the prime factors of 21210529?
21210529
List the prime factors of 1867373.
1867373
List the prime factors of 314726.
2, 157363
What are the prime factors of 145683?
3, 16187
List the prime factors of 1535525.
5, 17, 3613
What are the prime factors of 9366432?
2, 3, 43, 2269
List the prime factors of 8304577.
19, 437083
What are the prime factors of 1203908?
2, 300977
List the prime factors of 532292.
2, 133073
List the prime factors of 4272936.
2, 3, 178039
List the prime factors of 435297.
3, 41, 3539
What are the prime factors of 12888580?
2, 5, 37, 17417
What are the prime factors of 1905202?
2, 13, 73277
What are the prime factors of 550084?
2, 113, 1217
What are the prime factors of 24128451?
3, 859, 3121
List the prime factors of 3351985.
5, 7, 13, 53, 139
List the prime factors of 5347168.
2, 167099
List the prime factors of 421343.
13, 32411
List the prime factors of 475099.
17, 27947
What are the prime factors of 279804?
2, 3, 7, 3331
List the prime factors of 1916991.
3, 212999
List the prime factors of 9023133.
3, 7, 429673
What are the prime factors of 831865?
5, 29, 5737
List the prime factors of 310055.
5, 62011
List the prime factors of 361486.
2, 61, 2963
What are the prime factors of 381290?
2, 5, 7, 13, 419
What are the prime factors of 2418045?
3, 5, 7, 23029
What are the prime factors of 325045?
5, 7, 37, 251
List the prime factors of 453916.
2, 37, 3067
List the prime factors of 1334606.
2, 7, 13, 7333
What are the prime factors of 28445989?
11, 13, 67, 2969
List the prime factors of 151175.
5, 6047
What are the prime factors of 13646002?
2, 17, 23609
What are the prime factors of 159048?
2, 3, 47
What are the prime factors of 7141513?
17, 199, 2111
List the prime factors of 13179927.
3, 4393309
List the prime factors of 2354724.
2, 3, 21803
What are the prime factors of 658856?
2, 11, 7487
What are the prime factors of 1258227?
3, 46601
List the prime factors of 4303392.
2, 3, 23, 1949
What are the prime factors of 98533?
98533
List the prime factors of 4166115.
3, 5, 277741
What are the prime factors of 306316?
2, 76579
List the prime factors of 3945217.
19, 207643
What are the prime factors of 28165?
5, 43, 131
What are the prime factors of 91683?
3, 61, 167
List the prime factors of 2791207.
83, 33629
List the prime factors of 153498.
2, 3, 25583
List the prime factors of 423977.
423977
What are the prime factors of 9228328?
2, 31, 127, 293
What are the prime factors of 49335?
3, 5, 11, 13, 23
What are the prime factors of 439114?
2, 13, 16889
List the prime factors of 885235.
5, 13, 13619
List the prime factors of 248028.
2, 3, 11, 1879
What are the prime factors of 691063?
691063
List the prime factors of 1286728.
2, 160841
What are the prime factors of 13783949?
19, 719, 1009
List the prime factors of 1234693.
17, 59, 1231
What are the prime factors of 1084557?
3, 97, 3727
What are the prime factors of 1493219?
7, 13, 61, 269
What are the prime factors of 1391232?
2, 3, 3623
List the prime factors of 145732.
2, 36433
What are the prime factors of 250545?
3, 5, 16703
List the prime factors of 1032768.
2, 3, 11, 163
What are the prime factors of 4404916?
2, 1101229
List the prime factors of 337071.
3, 7, 2293
List the prime factors of 10141468.
2, 2535367
What are the prime factors of 749731?
23, 37, 881
What are the prime factors of 463412?
2, 115853
What are the prime factors of 777397?
43, 101, 179
List the prime factors of 391428.
2, 3, 83, 131
List the pri